?
False
Is 82763 even?
False
Does 7 divide 491033?
False
Is 174 a factor of 328164?
True
Does 69 divide 809232?
True
Does 54 divide 13712274?
True
Is 71334 a multiple of 3?
True
Does 14 divide 177226?
True
Is 4698268 a multiple of 4?
True
Does 3 divide 864705?
True
Does 1314 divide 5635753?
False
Is 8 a factor of 965673?
False
Is 13552 a multiple of 308?
True
Is 182 a factor of 110080?
False
Does 83 divide 412925?
True
Is 8478327 a multiple of 429?
True
Is 926991 a multiple of 741?
True
Does 122 divide 627877?
False
Is 10 a factor of 3149524?
False
Does 43 divide 2069395?
False
Is 3636897 a multiple of 25?
False
Does 73 divide 94170?
True
Is 1880788 a multiple of 3?
False
Is 116749 a multiple of 11?
False
Is 41 a factor of 403368?
False
Is 217456 a multiple of 84?
False
Does 265 divide 170925?
True
Is 377 a factor of 2196746?
False
Does 513 divide 556443?
False
Is 6 a factor of 95806?
False
Is 489 a factor of 59947?
False
Does 10 divide 895978?
False
Is 14743 a multiple of 641?
True
Is 88191 a multiple of 239?
True
Is 786767 a multiple of 22?
False
Is 482735 a multiple of 55?
True
Does 108 divide 343764?
True
Is 53825 a multiple of 6?
False
Does 5 divide 903752?
False
Is 90 a factor of 190250?
False
Is 773565 a multiple of 13?
True
Is 2357862 a multiple of 111?
True
Does 13 divide 805084?
False
Is 291323 a multiple of 138?
False
Does 6 divide 108633?
False
Is 20 a factor of 556420?
True
Is 134 a factor of 621208?
False
Does 51 divide 15519?
False
Does 7 divide 75474?
True
Is 13 a factor of 10492066?
True
Is 12 a factor of 193474?
False
Is 35 a factor of 271530?
True
Is 621772 a multiple of 133?
False
Is 10024000 a multiple of 928?
False
Is 10526801 a multiple of 963?
False
Does 113 divide 791?
True
Is 5 a factor of 16100?
True
Is 504574 a multiple of 29?
False
Is 17 a factor of 81015?
False
Is 5554175 a multiple of 19?
True
Is 59 a factor of 188682?
True
Does 10 divide 533250?
True
Does 6 divide 3243538?
False
Is 160 a factor of 2128800?
True
Does 102 divide 338436?
True
Is 10 a factor of 205438?
False
Does 45 divide 33660?
True
Is 80190 a multiple of 22?
True
Is 11602144 a multiple of 1181?
True
Does 9 divide 82833?
False
Does 49 divide 72471?
True
Is 26046858 a multiple of 649?
False
Is 355 a factor of 260483?
False
Is 33 a factor of 2707155?
True
Is 623308 a multiple of 28?
True
Is 2098572 a multiple of 343?
False
Is 9 a factor of 1769648?
False
Is 57 a factor of 4079490?
True
Is 2663584 a multiple of 14?
True
Is 3734042 a multiple of 19?
False
Does 24 divide 25680?
True
Is 21 a factor of 504504?
True
Is 298 a factor of 636594?
False
Is 100521 a multiple of 15?
False
Is 11 a factor of 1813172?
False
Does 12 divide 5412224?
False
Is 45 a factor of 3228733?
False
Is 86 a factor of 87890?
False
Is 223 a factor of 10668151?
False
Does 17 divide 78742?
False
Is 280 a factor of 1809080?
True
Is 108306 a multiple of 11?
True
Is 24 a factor of 39235?
False
Is 38 a factor of 808844?
False
Is 157 a factor of 252142?
True
Does 1040 divide 791048?
False
Is 19384 a multiple of 58?
False
Does 38 divide 11185?
False
Does 837 divide 287928?
True
Is 78414 a multiple of 21?
True
Does 14 divide 12718302?
False
Is 24 a factor of 2990184?
True
Is 2955486 a multiple of 222?
True
Is 16 a factor of 128127?
False
Does 29 divide 844059?
False
Does 57 divide 542899?
False
Is 658 a factor of 327318?
False
Does 9 divide 1034995?
False
Is 95143 a multiple of 9?
False
Does 97 divide 91859?
True
Does 48 divide 5238336?
True
Is 200 a factor of 146600?
True
Is 9329600 a multiple of 850?
True
Is 3172362 a multiple of 97?
False
Is 29 a factor of 825687?
False
Is 7236676 a multiple of 1569?
False
Is 46564 a multiple of 14?
True
Is 15 a factor of 218235?
True
Is 16 a factor of 71399?
False
Is 15 a factor of 151812?
False
Is 9 a factor of 399456?
True
Does 41 divide 199285?
False
Is 189284 a multiple of 79?
True
Is 21 a factor of 207333?
True
Does 154 divide 1109?
False
Is 8 a factor of 756752?
True
Is 337177 a multiple of 12?
False
Is 1639369 a multiple of 82?
False
Is 4 a factor of 32804?
True
Is 39238 a multiple of 23?
True
Does 1198 divide 2089073?
False
Is 189 a factor of 375074?
False
Does 9 divide 304720?
False
Is 2805525 a multiple of 23?
False
Is 17534 a multiple of 11?
True
Is 4 a factor of 320041?
False
Does 641 divide 641000?
True
Is 32014 a multiple of 4?
False
Is 48 a factor of 286823?
False
Does 603 divide 303003?
False
Is 1625 a factor of 2048196?
False
Is 67808 a multiple of 104?
True
Is 259217 a multiple of 4?
False
Does 26 divide 4119648?
True
Is 776734 a multiple of 10?
False
Is 144 a factor of 398304?
True
Is 120531 a multiple of 21?
False
Is 320 a factor of 7747200?
True
Does 841 divide 3226076?
True
Is 2308595 a multiple of 361?
True
Does 207 divide 394956?
True
Does 12 divide 90414?
False
Is 7 a factor of 1515124?
False
Does 34 divide 225347?
False
Does 20 divide 80750?
False
Is 5786971 a multiple of 14?
False
Is 226858 a multiple of 62?
True
Is 8 a factor of 2207684?
False
Does 47 divide 11304499?
False
Does 839 divide 67120?
True
Is 149343 a multiple of 44?
False
Does 28 divide 198597?
False
Does 161 divide 103424?
False
Is 40 a factor of 149641?
False
Does 18 divide 2452746?
False
Does 273 divide 8657376?
True
Is 4 a factor of 2987992?
True
Is 1316756 a multiple of 287?
True
Is 329 a factor of 2294117?
True
Is 163 a factor of 46817?
False
Does 4 divide 9044?
True
Is 136 a factor of 447032?
True
Is 74 a factor of 13046570?
True
Is 153220 a multiple of 235?
True
Is 113 a factor of 145544?
True
Is 3 a factor of 5043?
True
Does 40 divide 13640?
True
Does 499 divide 3984016?
True
Is 5934093 a multiple of 151?
False
Is 62120 a multiple of 40?
True
Does 34 divide 630292?
True
Does 134 divide 1608804?
True
Does 152 divide 63688?
True
Does 140 divide 2286472?
False
Is 79716 a multiple of 273?
True
Is 806541 a multiple of 69?
True
Is 924 a factor of 1264956?
True
Is 378 a factor of 5808348?
True
Does 14 divide 49238?
True
Does 8 divide 581570?
False
Is 4 a factor of 178412?
True
Is 124 a factor of 77283?
False
Does 38 divide 2192448?
True
Is 322 a factor of 201700?
False
Does 85 divide 312205?
True
Does 484 divide 273944?
True
Is 22 a factor of 11753442?
False
Is 2229 a factor of 5696023?
False
Is 248724 a multiple of 30?
False
Does 817 divide 218044?
False
Is 17 a factor of 1898570?
False
Does 303 divide 26058?
True
Does 32 divide 13312065?
False
Is 87 a factor of 144420?
True
Does 100 divide 8905600?
True
Does 17 divide 386369?
False
Is 438165 a multiple of 77?
False
Is 30 a factor of 143279?
False
Is 53290 a multiple of 146?
True
Does 84 divide 139692?
True
Is 2096708 a multiple of 69?
False
Is 27 a factor of 2855199?
False
Is 235246 a multiple of 37?
True
Does 98 divide 292432?
True
Does 264 divide 13635040?
False
Does 20 divide 5467339?
False
Is 158 a factor of 5072385?
False
Is 605 a factor of 4277113?
False
Does 30 divide 3058920?
True
Is 85 a factor of 8585?
True
Is 86 a factor of 6235516?
True
Is 215964 a multiple of 18?
True
Is 59 a factor of 67319?
True
Is 43 a factor of 438774?
False
Is 2970924 a multiple of 426?
True
Does 344 divide 7037896?
True
Does 3 divide 11442?
True
Is 244703 a multiple of 61?
False
Does 1051 divide 3978035?
True
Does 544 divide 3043333?
False
Is 1030386 a multiple of 179?
False
Is 35 a factor of 2003295?
True
Is 9 a factor of 4166865?
True
Does 24 divide 234738?
False
Is 99 a factor of 3146618?
False
Is 14 a factor of 1464586?
False
Is 58 a factor of 31433?
False
Is 11660674 a multiple of 34?
True
Does 77 divide 581966?
True
Is 62 a factor of 1267218?
True
Is 35 a factor of 182840?
True
Is 469 a factor of 224651?
True
Is 4796 a multiple of 67?
False
Does 247 divide 45695?
True
Is 7918706 a multiple of 163?
False
Does 5 divide 133020?
True
Is 48 a factor of 102014?
False
Is 16 a factor of 638352?
True
Is 1569278 a multiple of 15?
False
Does 98 divide 42728?
True
Is 23 a factor of 87975?
True
Does 40 divide 13543400?
True
Does 11 divide 954261?
True
Does 9 divide 8209336?
False
Does 33 divide 437382?
True
Is 149761 a multiple of 327?
False
Is 25696 a multiple of 21?
False
Is 23 a factor of 4515394?
False
Is 829 a factor of 1872775?
False
Is 4933767 a multiple of 233?
False
Is 99 a factor of 31316?
False
Is 666774 a multipl